n u is divided by q(-29)?
18
Let z(l) = -3*l**2 + 2*l - 1. Let m be z(1). Calculate the remainder when m/(-9) - 3680/(-207) is divided by 11.
7
Let h(a) = -8*a + 10. Let p(r) = r**3 - 5*r**2 + 5*r. Let y be p(4). Suppose -y*j = j + 15, 59 = 4*z + 3*j. What is the remainder when h(-5) is divided by z?
16
Calculate the remainder when (-851)/(-46) + 3/2 is divided by 11.
9
Suppose 3*j - 4*c + 467 = 6*j, 0 = -3*j + c + 472. Suppose -4*x - j = -5*x. Calculate the remainder when x is divided by 32.
29
Suppose 0 = 2*k + 4*w - 46, -4 = 4*w - 12. Let r = 83 - k. What is the remainder when r is divided by 23?
18
Suppose -18*g + 1295 = 413. Calculate the remainder when 92 is divided by g.
43
Let d(i) = 82*i**2 - 99*i + 200. What is the remainder when d(2) is divided by 21?
15
Let k(n) = -2*n**3 - 3*n**2 - 2*n - 13. Calculate the remainder when k(-5) is divided by 16.
12
Suppose 4*h + 5*g + 40 = 0, g + 13 = -h - g. Let l = 37 - h. Calculate the remainder when 123 is divided by l.
39
Let t(z) = -z**2 - 4*z + 1. Let i be t(-3). Suppose 51 - 195 = -4*b + i*j, -5*j = b - 36. Calculate the remainder when 69 is divided by b.
33
Let r(w) = 5*w**2 - 2*w. Let b be 10/25 - 69/(-15). Let l(s) = 2*s - 6. Let i be l(b). Calculate the remainder when r(i) is divided by 15.
12
Suppose 32*g - 113 = 975. Calculate the remainder when g is divided by (-1 + 2 + 0)*9.
7
Let r(h) = 6*h + 174. What is the remainder when 70 is divided by r(-28)?
4
Let k = -21 + 73. What is the remainder when 189 is divided by k?
33
Let b(g) = 2*g**2 + 57*g + 44. What is the remainder when 508 is divided by b(-29)?
70
Suppose 714 = -360*c + 367*c. What is the remainder when 199 is divided by c?
97
Let d = 714 + -483. What is the remainder when d is divided by 18?
15
Let f = 586 + -405. Calculate the remainder when f is divided by 8.
5
Let f(b) = -b**2 - 11*b + 58. What is the remainder when 62 is divided by f(-14)?
14
Let d = 11 - -5. Suppose 6*l = 3*l - 2*v + d, -4*v = -2*l - 16. Calculate the remainder when 34 is divided by (l - 3)/(4/(-36)).
7
Let o = -404 - -171. Let u = -162 - o. Calculate the remainder when u is divided by 18.
17
Let r(t) = t**3 + 32*t**2 - 73*t - 82. Calculate the remainder when r(-34) is divided by 14.
4
Let r = 5 - 3. Suppose x + 20 = r*x. Calculate the remainder when 14 is divided by x/(-6)*(-24)/20.
2
Suppose -24*f + 18*f + 1014 = 0. Calculate the remainder when f is divided by (-2)/9 + (-1556)/(-36).
40
Let s be (-25 + 3)/2 - 0. Let z = 21 + s. Suppose -7*o + 158 = -38. What is the remainder when o is divided by z?
8
Suppose -3*t + 4 = 2*v, -6*v = 3*t - 2*v - 2. Let i = 46 - 44. Suppose 0 = z - i*z + 8. Calculate the remainder when z is divided by t.
0
What is the remainder when 30 is divided by -2 - (-8 + -3 + -3)?
6
Let l(s) = -43*s - 312. Calculate the remainder when l(-15) is divided by 28.
25
Let d = 39 + -36. Let w be (-4)/6 - (-16)/6. Suppose -w*u = -4*a - 7*u + 31, -3*u + 9 = 0. Calculate the remainder when a is divided by d.
1
Let v(r) = 31*r + 406. Calculate the remainder when v(-12) is divided by 7.
6
Suppose -5*z + 10*z = 90. Let v be (80/(-50))/((-2)/5). Suppose 2*w = 2*t + 3*w - 109, 4*t - 200 = v*w. What is the remainder when t is divided by z?
17
Let c be 3/(-6) + 534/12. What is the remainder when 1 is divided by c/66 + 1 + (-4)/6?
0
Let r = 256 - 150. Let x = 674 + -638. Calculate the remainder when r is divided by x.
34
Let o be 82/164*0*(-2)/(-4). Suppose -6*w + 2*w = -8. Suppose 3 = 5*i - w, 4*k + i - 169 = o. Calculate the remainder when k is divided by 11.
9
Suppose -1302 - 993 = -9*z. Suppose -3*t - 2*w = -z, -2*w + 165 = 2*t + w. Suppose h - 39 = -9. Calculate the remainder when t is divided by h.
27
Suppose -11*q + 67 = -32. What is the remainder when 809 is divided by q?
8
Let z = -256 - -376. Let a(w) = -w**2 + 12*w + 5. What is the remainder when z is divided by a(6)?
38
Let t(n) = -n + 68. What is the remainder when t(-11) is divided by 28?
23
Let d(r) be the first derivative of 15*r**3 - r - 3. Let h be d(1). Suppose h + 79 = 3*m. What is the remainder when m is divided by 22?
19
Suppose 34*z - 10 = 29*z. Calculate the remainder when 40 is divided by z.
0
Calculate the remainder when 30 is divided by ((-34)/3)/(92/(-138)).
13
Suppose 15 = 8*o - 5*o. Suppose 2*v - o*v = 3. Let d(l) = -46*l**3 + l**2 - 1. Calculate the remainder when d(v) is divided by 16.
14
Suppose 3*j = -5*u + 40 + 288, 3*j = -u + 56. Suppose -2 = v + 1. Calculate the remainder when u is divided by v/(3 - 0)*-23.
22
Let i = -29 + 19. Calculate the remainder when 46 is divided by (48/i)/((-1)/5).
22
Let f(d) = d**2 + 14*d + 4. Let q be f(-15). Let l = 41 - q. Calculate the remainder when l is divided by (-48)/(-9) + 4/6.
4
Let r(x) = 19 - 10*x + 8*x + 0*x + 1. Calculate the remainder when 78 is divided by r(0).
18
Let u = -306 + 317. What is the remainder when 30 is divided by u?
8
What is the remainder when ((-18)/(-30))/((-2)/(-150)) is divided by 29?
16
Suppose -3*i = -3*a - 66, -i - 4*a + 2*a = -31. Suppose -i*k + 28*k = 48. Calculate the remainder when 61 is divided by k.
13
Let a(p) = 5*p**2 + 133*p - 19. What is the remainder when a(-29) is divided by 6?
5
Suppose 30*s - 26*s - 16 = 0. Suppose 40 = 5*p - s*l, 4*l = -2*p + 6*l + 18. Suppose 0 = g + p - 8. Calculate the remainder when g is divided by 1.
0
Let m = 5 - -50. Suppose -m = -2*q + 3. Suppose -5*f + q = -191. What is the remainder when f is divided by 16?
12
Let d = 57 + 163. What is the remainder when d is divided by 74?
72
Let s(v) = -10*v - 7. Let h(m) = -11*m - 8. Let b(g) = -5*h(g) + 6*s(g). Calculate the remainder when 123 is divided by b(-4).
15
Let r = 5 - 8. Let b(v) = v**3 + 5*v**2 - 2*v + 3. Calculate the remainder when 52 is divided by b(r).
25
Suppose -5*p + 396 - 66 = 0. Suppose m + 2*x - 4 = 8, 2*x - p = -4*m. Calculate the remainder when m is divided by 8.
2
Let o(b) = b**2 + b + 18. What is the remainder when 165 is divided by o(5)?
21
Let w = 272 + -209. What is the remainder when w is divided by 8?
7
Suppose -3*v = y - 66, -v + 168 - 31 = 2*y. Let b(u) = 5*u + 3. What is the remainder when y is divided by b(3)?
15
Suppose -3*z + 14 + 28 = 0. Let s be (12/(-7))/((-1)/7). Suppose 2*p = -4*i + 3*i + 55, s = 4*i. Calculate the remainder when p is divided by z.
12
Let s = -555 - -563. Suppose -2*u - b = -1, u + 4*b = b + 3. Suppose g + u*g = 13. Calculate the remainder when g is divided by s.
5
Let b be (1 + (1 - 1))*(-69)/(-1). Suppose -u - 42 = -2*w, -4*w - 2*u + b = -15. What is the remainder when 54 is divided by w?
12
Calculate the remainder when 1348/12 + -2*(-2)/(-12) is divided by 60.
52
Let t(h) = h**3 - 10*h**2 - h. Let k be t(5). What is the remainder when 20 is divided by (-4)/6 + k/(-15)?
4
Suppose 29*f + 4*r - 3573 = 26*f, -r = 4*f - 4751. What is the remainder when f is divided by 54?
53
What is the remainder when 67 is divided by -21*(-2 + 8/6) - 4?
7
Suppose s = -4*s + 10. Suppose h - 29 = -4*h - s*y, -2 = -y. What is the remainder when 29 is divided by -2*3/((-3)/h)?
9
Suppose -44*p - 350 = -51*p. Calculate the remainder when p is divided by 17.
16
Let j(x) = 2*x**3 + 2*x**2 + x + 1. Let z be (-2 + (-55)/(-20))*4. Suppose 0 = -s - z*s + 40. Calculate the remainder when j(2) is divided by s.
7
Suppose 4*b + 3*j - 108 = -j, 3*j + 159 = 5*b. What is the remainder when b is divided by 25?
5
Let h(y) = 2*y**2 - y. Let b be h(-5). Suppose 3*t + 7 = b. Suppose 286 + 470 = 12*m. Calculate the remainder when m is divided by t.
15
Suppose 5*n - 176 - 40 = w, -4*n - 3*w = -169. Calculate the remainder when n is divided by (11*(-2)/6)/(3/(-9)).
10
Suppose 5*n = 4*d - 36, 4*d + 3*n = n + 8. Let w be (2/(-7))/((-8)/56). What is the remainder when (-18)/(-45)*5*(7 - w) is divided by d?
2
Suppose -i - 54 = -3*i. Let v(o) = o**3 + 2*o**2 - 5*o + 2. Calculate the remainder when v(4) is divided by i.
24
Calculate the remainder when 18 is divided by (15/(-6))/(-3 - (-30)/12).
3
Suppose 554 = 4*l + 46. What is the remainder when l is divided by 400/15*(-24)/(-20)?
31
Let r(d) = d**3 + 6*d**2 - 3*d - 7. Let n = 134 + -279. What is the remainder when r(-6) is divided by 2/24*2 + n/(-30)?
1
Let p(o) = -2*o**3 + 10*o**2 + 10*o - 64. Calculate the remainder when 1989 is divided by p(4).
5
Calcula